 -5*x + 3*x = -v*d - 667, -2*d - 332 = -x. Is x a prime number?
False
Let l be (3 + 0)*(-11 + 14). Is 3/l + 5712/9 composite?
True
Let i(r) = r**3 + 4*r**2 - 4*r + 8. Let u be i(-5). Suppose -b - 502 = -u*b. Is b a composite number?
False
Let b(r) = -16*r + 51. Let i be b(4). Let m(h) = 2*h**2 - 5*h - 12. Is m(i) composite?
True
Let l = -1 + -13. Let z(q) = -22*q**3 - 32*q**2 - 14*q + 14. Let v(t) = 9*t**3 + 16*t**2 + 7*t - 7. Let c(u) = 5*v(u) + 2*z(u). Is c(l) a prime number?
False
Let z(m) = -335*m + 232. Is z(-38) a composite number?
True
Suppose 0 = 2*h - 5*u, 0*h = -2*h - 3*u. Suppose 3*n + 5*i + 13 = h, -4*n - 8 = -0*n + 2*i. Is n + (29*6)/3 a prime number?
False
Let r(i) = -3*i - 5. Let f be r(-4). Suppose -10*p = -f*p - 9. Suppose 2*k + p*z - 650 = 0, -k + 4*z = -5*k + 1308. Is k a prime number?
True
Suppose -7*z + 20 + 15 = 0. Suppose -701 = -z*r - f, 3*r + 5*f = f + 407. Is r a composite number?
True
Let x = 90 - 88. Suppose -t = x*d - 506, -2*d - 3*d = -t - 1272. Is d a composite number?
True
Let i = -94 - -65. Is (-4471)/(-9) + i/(-9) + -3 a composite number?
True
Let j(c) be the third derivative of -c**4/24 + 2*c**3/3 - 5*c**2. Let m be j(4). Suppose -5*l = -l - s - 23, m = 3*s - 3. Is l composite?
True
Suppose 5*l + 5*f + 190 = 0, -80 = 2*l + 5*f - 2*f. Let q = l + 47. Is q a prime number?
True
Suppose 0 = -6*p - 4*p - 180. Is (-3426)/(-7) - p/(-42) a composite number?
True
Let k(m) = m**2 - m. Let z(o) = o**3 - 3*o**2 + o. Let l be z(2). Let h(f) = f**2 + 2*f - 1. Let y be h(l). Is k(y) prime?
True
Suppose -3*t + 1317 = 5*y, -y - 3*t + 34 = -239. Suppose 3*x - y = 120. Is x composite?
False
Let m = 868 - 513. Let u be m*-9 - 4 - -3. Is u/(-12) - 8/(-12) a prime number?
False
Let z = -93860 - -163051. Is z composite?
False
Let v(b) = -b**3 - 25*b**2 + 51*b - 26. Let y be v(-26). Let o = -225 - y. Is o a prime number?
False
Is (-5037 + 10)/(-5 - (-4 + 0)) a prime number?
False
Let w(d) = d**2 + 12*d + 10. Let f = -2 - 2. Let n be -13 + f/((-3)/(-3)). Is w(n) a composite number?
True
Suppose 0 = -o + 26 + 186. Is (-12 + -1)/((-428)/o - -2) a prime number?
False
Suppose w + n + 10 = 4*w, 0 = -2*n + 4. Suppose w*m - 715 = -m. Suppose 58 + m = 3*h. Is h prime?
True
Let r(s) = 5*s**2 - 4*s + 3. Let l be r(3). Let g = 215 - l. Is g a composite number?
False
Let a(t) = 3*t**2 + 16*t + 97. Is a(-42) a prime number?
False
Let p be (264/(-15))/((-8)/580). Suppose -16*o + 20*o = p. Is o composite?
True
Let t be ((4 - 3) + 1)*1/1. Suppose -556 = -g + 5*h - 0*h, -t*g + 3*h = -1105. Is g a prime number?
False
Suppose 22*g - 18*g = 28828. Is g a composite number?
False
Let x = 74109 - -210152. Is x a prime number?
True
Suppose -156*i = -153*i - 3*j - 1140, 0 = -2*i + 5*j + 763. Is i composite?
False
Let c(l) = 129 - l + 86 + 99 - 3*l**2. Is c(0) a composite number?
True
Let y(u) = 98*u + 3. Let i = 17 - 11. Suppose 4*l = i*l - 4. Is y(l) prime?
True
Let m be 15*-1*(-5)/15. Suppose 3*s = -m*b + 101, -3*s = -8*s + 2*b + 189. Is s prime?
True
Let t(a) = 41*a - 4. Suppose -26 = -4*h + 2*w, -2*h + w + 23 = 2*w. Is t(h) a composite number?
True
Let u = 27123 + 35110. Is u a composite number?
False
Suppose 16*f - 2169 = 13*f. Is f a prime number?
False
Let b be 4 + 18/(-5) - 12617/5. Is (b/(-6) - -1)*(-12)/(-6) composite?
True
Let d = 10057 - 6948. Is d a composite number?
False
Let f = 526 + -344. Let x = -39 - f. Let i = 348 + x. Is i prime?
True
Suppose 0*n = -3*n. Suppose n = z + z - 1578. Suppose 239 = 2*l - 3*k, 169 - z = -5*l + 3*k. Is l a prime number?
True
Suppose -5*s - 1939 = -f, 3*s - 2*s = -4*f - 371. Let a = 242 + s. Let k = a - -214. Is k a composite number?
True
Let p = -22936 + 114389. Is p prime?
True
Suppose 3*y - 4*y = -3. Suppose y*m = 4*w - w - 2046, -4*w + 2729 = -5*m. Is w a composite number?
True
Suppose -5*l - 32 = -4*w, -4*w + 2*w - l = -16. Let k(z) = z**2 + 4*z - 7. Is k(w) a prime number?
True
Suppose -4*x = -2*s - 24514, 5*s + 1487 = -5*x + 32167. Is x a prime number?
True
Suppose q + 30 = 35. Suppose 11*m = q*m + 4038. Is m composite?
False
Let p(o) = 69*o + 3 - 4 + 4 + 10. Is p(10) composite?
True
Let y(d) be the third derivative of 5/3*d**3 + 0*d + 0 + 0*d**4 - 5*d**2 + 1/60*d**5. Is y(5) a prime number?
False
Let y(b) = -b**3 - 8*b**2 - 13*b - 3. Let h be y(-6). Suppose h*f + 47868 = 15*f. Is f a composite number?
False
Let u(l) = -798*l**3 - l - 1. Let b be u(-1). Let j = b - 482. Suppose -25*s + 29*s - j = 0. Is s a prime number?
True
Let x(p) = 739*p - 8. Let j be x(3). Let r = j + 3988. Is r composite?
False
Let j = -8 - -11. Suppose 3*k = -s + 17, 0 = -j*s + k - 0*k + 11. Is (s + 26)/(3/15) a composite number?
True
Suppose -q + 142 = 3*c - 3574, -11149 = -3*q - 8*c. Is q composite?
False
Let v = 8346 - 4793. Suppose 0*u + 2*n = 4*u - 2840, 5*u - 4*n - v = 0. Is u prime?
True
Let h = 1297 - 40. Is h a prime number?
False
Suppose -14201 = -j + 4*p, -3*j + 7*p + 42570 = 6*p. Is j a prime number?
False
Suppose 3*l = 7*l + 5*y - 33, -2*l + 14 = 2*y. Let c(d) = -d. Let b be c(l). Is 1/b + (-287)/(-2) a composite number?
True
Suppose 16*t - 32 = 8*t. Suppose -f + 0*l - 3 = -3*l, 0 = -3*f - 3*l + 27. Suppose t*x = f*x - 28. Is x a composite number?
True
Let w(s) = 224*s - 33. Is w(14) composite?
True
Let u(f) = 594*f + 1231. Is u(39) prime?
False
Let i be 1/(5*(-5)/(-50)). Suppose 4*w - l = 718, w - 189 = -i*l + 7*l. Is w prime?
True
Let k(m) = -116*m + 6. Let c be k(-4). Suppose 2*f + c = f. Let r = -247 - f. Is r prime?
True
Suppose -5*g + 823383 = 28*g. Is g composite?
True
Suppose 16*y - 25*y + 177453 = 0. Is y composite?
False
Let j(a) = 2*a**3 - 3*a**3 - 5*a + 23 - 7*a**2 + a. Is j(-18) a prime number?
True
Let g(s) = 5021*s - 584. Is g(11) prime?
True
Suppose 7*z + 1969 = 2*z + 3*j, -2*z - j - 781 = 0. Let g = 579 + z. Is g a composite number?
True
Suppose -4*l + 8 = 0, -3*l = -2*s + l - 1086. Let y = s + 1208. Is y prime?
False
Suppose -d - 2*d = -2*l + 413, 5*l - 2*d = 1038. Let n be 4/(-14) - l/56. Let o = 7 + n. Is o prime?
True
Suppose 0*o - 6 = -2*o. Suppose -n - 3 = q, 3*n + o - 1 = 4*q. Is ((-86)/(-1))/(1 - q) prime?
True
Is 8/2*(-31962)/(-56) a composite number?
True
Suppose -2*h + 2468 + 7356 = 5*t, 2*t - 19632 = -4*h. Is h a composite number?
True
Let b(p) = 4 - 7 - 31*p + 96*p. Suppose -3*f - 4 = -3*z + 5, -2*z - f = -3. Is b(z) composite?
False
Let p = -35206 - -50097. Is p composite?
False
Let r = 136023 + -79588. Is r composite?
True
Suppose -j + 4*l + 16711 = 0, j + 4*l + 83603 = 6*j. Is j a prime number?
False
Let f(b) = -b**2 - 2*b + 6. Let t be f(10). Let u = -277 - t. Let g = -114 - u. Is g composite?
True
Suppose -2404838 - 1254290 = -88*g. Is g a prime number?
False
Suppose -6*p + 2*p - 3*v = 134, -p = -5*v + 22. Let m = 86 - p. Is m composite?
True
Let b = -1270 - -2643. Is b composite?
False
Suppose -13 = -4*c + 5*x, -c - 2*x - 8 = -3*c. Suppose 3*p - c*p = -164. Suppose u = -d + 297 - p, 2*d = -u + 515. Is d prime?
False
Let i be 0 + (26 + 2)/2. Let s = 16 - i. Suppose s*r + r = -5*l + 245, 3*l - 147 = -r. Is l a prime number?
False
Let b(h) = -3*h. Let d be b(-2). Suppose -y + 3*o + 86 = d, -2*o = 6. Suppose -2*k + y = -k. Is k composite?
False
Suppose 20 = 47*x - 45*x. Let q(d) = 15*d - 9. Is q(x) prime?
False
Let j be (-2)/3 - 138/9. Let v be 7*-1*(3 - j). Let q = -78 - v. Is q a composite number?
True
Suppose -5*d + 5 + 0 = 0, -2*v = -3*d + 9. Let n be (-1)/5 + 1882/10. Is 2 + 0 + n + v a prime number?
False
Let u = -61 - -4. Let g = u + 189. Let x = g + 279. Is x composite?
True
Let l(i) = i - 1. Let r be l(-3). Let a be r/1 - (3 + -12). Suppose -3*k - g = -5*g - 4597, 0 = -a*k + 5*g + 7665. Is k a composite number?
True
Suppose -3*z - z + 268 = 0. Let s = 564 - z. Is s a prime number?
False
Suppose 0 = -2*a - 3*q - q - 2270, -4*q - 5657 = 5*a. Let j = 2138 + a. Is j composite?
False
Suppose 4*q - 323 = -j, -9*j - 3*q + 1598 = -4*j. Is j a composite number?
True
Let q(h) = -h**3 + 10*h**2 + 20*h - 6. Let z be q(-15). Let k = z + -3166. Is k a composite number?
False
Suppose 0 = 5*m - 131970 + 13965. Is m prime?
False
Suppose -42*u + 51*u = 9243. Is u prime?
False
Let g = 2893 + -5887. Let w = g - -4481. Is (-2)/4 - w/(-2) prime?
True
Is (-5*(-758 - 11))/1 prime?
False
Let u = 17